{"id":8967,"date":"2020-04-29T16:35:01","date_gmt":"2020-04-29T16:35:01","guid":{"rendered":"https:\/\/itpharmalab.com\/?post_type=product&#038;p=8967"},"modified":"2026-03-11T21:36:53","modified_gmt":"2026-03-11T21:36:53","slug":"arctic-noir-mascarilla","status":"publish","type":"product","link":"https:\/\/fervent-dubinsky.82-165-171-139.plesk.page\/?product=arctic-noir-mascarilla","title":{"rendered":"Arctic Noir Mascarilla"},"content":{"rendered":"<p>Artic Noir es una mascarilla de color negro dise\u00f1ada para calmar e hidratar profundamente la piel, ideal tras tratamientos est\u00e9ticos y profesionales. Gracias a sus propiedades antiinflamatorias, es rica en aloe vera y extracto de hamamelis, creando una barrera que combate la sequedad y promueve una hidrataci\u00f3n intensa. Adem\u00e1s, contiene centella asi\u00e1tica y t\u00e9 verde que alivian la piel, aportan elasticidad y protecci\u00f3n. Enriquecida con \u00e1cido hialur\u00f3nico y niacinamida, mejora la apariencia general de la piel mientras la calma y revitaliza.<\/p>\n","protected":false},"excerpt":{"rendered":"<p>La famosa mascarilla oscura de IT Pharma que calma e hidrata la piel, perfecta tras un tratamiento de medicina est\u00e9tica y cosm\u00e9tica.<\/p>\n","protected":false},"featured_media":34118,"comment_status":"open","ping_status":"closed","template":"","meta":{"_seopress_robots_primary_cat":"none","_seopress_titles_title":"Arctic Noir, mascarilla calmante post tratamiento est\u00e9tico o m\u00e9dico","_seopress_titles_desc":"Calma e hidrata tu piel con Arctic Noir: reduce inflamaci\u00f3n post l\u00e1ser o peelings. Aloe vera, hialur\u00f3nico y centella. \u00a1Ideal para est\u00e9tica! Compra ya en IT Pharma.","_seopress_robots_index":""},"product_brand":[],"product_cat":[858,830,840,838,842],"product_tag":[],"class_list":{"0":"post-8967","1":"product","2":"type-product","3":"status-publish","4":"has-post-thumbnail","6":"product_cat-essentials","7":"product_cat-estetica-profesional","8":"product_cat-hidratacion","9":"product_cat-piel-sensible","10":"product_cat-post-tratamiento","12":"first","13":"instock","14":"taxable","15":"shipping-taxable","16":"product-type-simple"},"_links":{"self":[{"href":"https:\/\/fervent-dubinsky.82-165-171-139.plesk.page\/index.php?rest_route=\/wp\/v2\/product\/8967","targetHints":{"allow":["GET"]}}],"collection":[{"href":"https:\/\/fervent-dubinsky.82-165-171-139.plesk.page\/index.php?rest_route=\/wp\/v2\/product"}],"about":[{"href":"https:\/\/fervent-dubinsky.82-165-171-139.plesk.page\/index.php?rest_route=\/wp\/v2\/types\/product"}],"replies":[{"embeddable":true,"href":"https:\/\/fervent-dubinsky.82-165-171-139.plesk.page\/index.php?rest_route=%2Fwp%2Fv2%2Fcomments&post=8967"}],"version-history":[{"count":8,"href":"https:\/\/fervent-dubinsky.82-165-171-139.plesk.page\/index.php?rest_route=\/wp\/v2\/product\/8967\/revisions"}],"predecessor-version":[{"id":35748,"href":"https:\/\/fervent-dubinsky.82-165-171-139.plesk.page\/index.php?rest_route=\/wp\/v2\/product\/8967\/revisions\/35748"}],"wp:featuredmedia":[{"embeddable":true,"href":"https:\/\/fervent-dubinsky.82-165-171-139.plesk.page\/index.php?rest_route=\/wp\/v2\/media\/34118"}],"wp:attachment":[{"href":"https:\/\/fervent-dubinsky.82-165-171-139.plesk.page\/index.php?rest_route=%2Fwp%2Fv2%2Fmedia&parent=8967"}],"wp:term":[{"taxonomy":"product_brand","embeddable":true,"href":"https:\/\/fervent-dubinsky.82-165-171-139.plesk.page\/index.php?rest_route=%2Fwp%2Fv2%2Fproduct_brand&post=8967"},{"taxonomy":"product_cat","embeddable":true,"href":"https:\/\/fervent-dubinsky.82-165-171-139.plesk.page\/index.php?rest_route=%2Fwp%2Fv2%2Fproduct_cat&post=8967"},{"taxonomy":"product_tag","embeddable":true,"href":"https:\/\/fervent-dubinsky.82-165-171-139.plesk.page\/index.php?rest_route=%2Fwp%2Fv2%2Fproduct_tag&post=8967"}],"curies":[{"name":"wp","href":"https:\/\/api.w.org\/{rel}","templated":true}]}}