{"id":8880,"date":"2020-04-29T09:29:05","date_gmt":"2020-04-29T09:29:05","guid":{"rendered":"https:\/\/itpharmalab.com\/?post_type=product&#038;p=8880"},"modified":"2025-01-10T16:58:32","modified_gmt":"2025-01-10T16:58:32","slug":"liposintrol","status":"publish","type":"product","link":"https:\/\/fervent-dubinsky.82-165-171-139.plesk.page\/?product=liposintrol","title":{"rendered":"Liposintrol"},"content":{"rendered":"<p>La f\u00f3rmula combina casta\u00f1o de indias, extracto de fumaria y pilosella para generar un potente efecto reductor que activa los procesos de liberaci\u00f3n y drenaje de l\u00edquidos. Es ideal para tratamientos anticelul\u00edticos y de reducci\u00f3n de volumen, mejorando la textura de la piel y promoviendo una mejor microcirculaci\u00f3n.<\/p>\n","protected":false},"excerpt":{"rendered":"<p>Soluci\u00f3n cuyos ingredientes activos ayudan a mejorar los tratamientos anticelul\u00edticos y a recuperar la firmeza de la piel mediante procesos de liberaci\u00f3n y drenaje de l\u00edquidos.<\/p>\n","protected":false},"featured_media":33899,"comment_status":"open","ping_status":"closed","template":"","meta":{"_seopress_robots_primary_cat":"none","_seopress_titles_title":"Liposintrol, soluci\u00f3n cosm\u00e9tica anti-celulitica en ampollas","_seopress_titles_desc":"Liposintrol es un producto formulado para combratir todos los factores que intervienen en la celulitis, haciendo especial hincapi\u00e9 en los vasculares.","_seopress_robots_index":""},"product_brand":[],"product_cat":[837,856,830,836],"product_tag":[],"class_list":{"0":"post-8880","1":"product","2":"type-product","3":"status-publish","4":"has-post-thumbnail","6":"product_cat-corporal","7":"product_cat-elements","8":"product_cat-estetica-profesional","9":"product_cat-microneedling","11":"first","12":"instock","13":"taxable","14":"shipping-taxable","15":"product-type-simple"},"_links":{"self":[{"href":"https:\/\/fervent-dubinsky.82-165-171-139.plesk.page\/index.php?rest_route=\/wp\/v2\/product\/8880","targetHints":{"allow":["GET"]}}],"collection":[{"href":"https:\/\/fervent-dubinsky.82-165-171-139.plesk.page\/index.php?rest_route=\/wp\/v2\/product"}],"about":[{"href":"https:\/\/fervent-dubinsky.82-165-171-139.plesk.page\/index.php?rest_route=\/wp\/v2\/types\/product"}],"replies":[{"embeddable":true,"href":"https:\/\/fervent-dubinsky.82-165-171-139.plesk.page\/index.php?rest_route=%2Fwp%2Fv2%2Fcomments&post=8880"}],"version-history":[{"count":4,"href":"https:\/\/fervent-dubinsky.82-165-171-139.plesk.page\/index.php?rest_route=\/wp\/v2\/product\/8880\/revisions"}],"predecessor-version":[{"id":35752,"href":"https:\/\/fervent-dubinsky.82-165-171-139.plesk.page\/index.php?rest_route=\/wp\/v2\/product\/8880\/revisions\/35752"}],"wp:featuredmedia":[{"embeddable":true,"href":"https:\/\/fervent-dubinsky.82-165-171-139.plesk.page\/index.php?rest_route=\/wp\/v2\/media\/33899"}],"wp:attachment":[{"href":"https:\/\/fervent-dubinsky.82-165-171-139.plesk.page\/index.php?rest_route=%2Fwp%2Fv2%2Fmedia&parent=8880"}],"wp:term":[{"taxonomy":"product_brand","embeddable":true,"href":"https:\/\/fervent-dubinsky.82-165-171-139.plesk.page\/index.php?rest_route=%2Fwp%2Fv2%2Fproduct_brand&post=8880"},{"taxonomy":"product_cat","embeddable":true,"href":"https:\/\/fervent-dubinsky.82-165-171-139.plesk.page\/index.php?rest_route=%2Fwp%2Fv2%2Fproduct_cat&post=8880"},{"taxonomy":"product_tag","embeddable":true,"href":"https:\/\/fervent-dubinsky.82-165-171-139.plesk.page\/index.php?rest_route=%2Fwp%2Fv2%2Fproduct_tag&post=8880"}],"curies":[{"name":"wp","href":"https:\/\/api.w.org\/{rel}","templated":true}]}}