{"id":8688,"date":"2020-04-21T19:36:44","date_gmt":"2020-04-21T19:36:44","guid":{"rendered":"https:\/\/itpharmalab.com\/?post_type=product&#038;p=8688"},"modified":"2025-01-10T16:58:35","modified_gmt":"2025-01-10T16:58:35","slug":"inbioface","status":"publish","type":"product","link":"https:\/\/fervent-dubinsky.82-165-171-139.plesk.page\/?product=inbioface","title":{"rendered":"Inbioface"},"content":{"rendered":"<p>Inbioface es un tratamiento innovador dise\u00f1ado para combatir el envejecimiento de la piel. Contiene amino\u00e1cidos, minerales, antioxidantes y vitaminas que revitalizan la piel, mejorando su textura, elasticidad y luminosidad. Los factores de crecimiento y p\u00e9ptidos incluidos son clave para renovar la epidermis y estimular la s\u00edntesis de col\u00e1geno, haci\u00e9ndolo un referente eficaz en tratamientos antiedad.<\/p>\n","protected":false},"excerpt":{"rendered":"<p>Soluci\u00f3n cuyos ingredientes activos revitalizan y rejuvenecen la piel actuando como Skinbooster.<\/p>\n","protected":false},"featured_media":33948,"comment_status":"open","ping_status":"closed","template":"","meta":{"_seopress_robots_primary_cat":"none","_seopress_titles_title":"Inbioface, tratamiento eficaz contra las arrugas superficiales","_seopress_titles_desc":"Inbioface, hidrataci\u00f3n para pieles apagadas o carentes de luminosidad y tratamiento de la flacidez y arrugas superficiales del rostro.","_seopress_robots_index":""},"product_brand":[],"product_cat":[19,833,830,840,857,855],"product_tag":[],"class_list":{"0":"post-8688","1":"product","2":"type-product","3":"status-publish","4":"has-post-thumbnail","6":"product_cat-sin-categoria","7":"product_cat-antioxidante-estetica-profesional","8":"product_cat-estetica-profesional","9":"product_cat-hidratacion","10":"product_cat-inbiotec","11":"product_cat-lineas-de-producto-estetica","13":"first","14":"instock","15":"taxable","16":"shipping-taxable","17":"product-type-simple"},"_links":{"self":[{"href":"https:\/\/fervent-dubinsky.82-165-171-139.plesk.page\/index.php?rest_route=\/wp\/v2\/product\/8688","targetHints":{"allow":["GET"]}}],"collection":[{"href":"https:\/\/fervent-dubinsky.82-165-171-139.plesk.page\/index.php?rest_route=\/wp\/v2\/product"}],"about":[{"href":"https:\/\/fervent-dubinsky.82-165-171-139.plesk.page\/index.php?rest_route=\/wp\/v2\/types\/product"}],"replies":[{"embeddable":true,"href":"https:\/\/fervent-dubinsky.82-165-171-139.plesk.page\/index.php?rest_route=%2Fwp%2Fv2%2Fcomments&post=8688"}],"version-history":[{"count":4,"href":"https:\/\/fervent-dubinsky.82-165-171-139.plesk.page\/index.php?rest_route=\/wp\/v2\/product\/8688\/revisions"}],"predecessor-version":[{"id":35757,"href":"https:\/\/fervent-dubinsky.82-165-171-139.plesk.page\/index.php?rest_route=\/wp\/v2\/product\/8688\/revisions\/35757"}],"wp:featuredmedia":[{"embeddable":true,"href":"https:\/\/fervent-dubinsky.82-165-171-139.plesk.page\/index.php?rest_route=\/wp\/v2\/media\/33948"}],"wp:attachment":[{"href":"https:\/\/fervent-dubinsky.82-165-171-139.plesk.page\/index.php?rest_route=%2Fwp%2Fv2%2Fmedia&parent=8688"}],"wp:term":[{"taxonomy":"product_brand","embeddable":true,"href":"https:\/\/fervent-dubinsky.82-165-171-139.plesk.page\/index.php?rest_route=%2Fwp%2Fv2%2Fproduct_brand&post=8688"},{"taxonomy":"product_cat","embeddable":true,"href":"https:\/\/fervent-dubinsky.82-165-171-139.plesk.page\/index.php?rest_route=%2Fwp%2Fv2%2Fproduct_cat&post=8688"},{"taxonomy":"product_tag","embeddable":true,"href":"https:\/\/fervent-dubinsky.82-165-171-139.plesk.page\/index.php?rest_route=%2Fwp%2Fv2%2Fproduct_tag&post=8688"}],"curies":[{"name":"wp","href":"https:\/\/api.w.org\/{rel}","templated":true}]}}