{"id":6619,"date":"2020-04-21T08:41:54","date_gmt":"2020-04-21T08:41:54","guid":{"rendered":"https:\/\/itpharmalab.com\/?post_type=product&#038;p=6619"},"modified":"2025-01-10T16:58:36","modified_gmt":"2025-01-10T16:58:36","slug":"renovation-lift","status":"publish","type":"product","link":"https:\/\/fervent-dubinsky.82-165-171-139.plesk.page\/?product=renovation-lift","title":{"rendered":"Renovation Lift"},"content":{"rendered":"<p>Una soluci\u00f3n intensiva dise\u00f1ada para restaurar el tono, brillo y elasticidad de la piel. La f\u00f3rmula multivitam\u00ednica y amino\u00e1cidos, junto con el \u00e1cido hialur\u00f3nico y DMAE, proporcionan un tratamiento eficaz para combatir los signos del envejecimiento, hidratando y revitalizando la piel.<\/p>\n","protected":false},"excerpt":{"rendered":"<p>Soluci\u00f3n cuyos ingredientes activos ayudan a recuperar el tono, brillo y elasticidad de la piel.<\/p>\n","protected":false},"featured_media":33923,"comment_status":"open","ping_status":"closed","template":"","meta":{"_seopress_robots_primary_cat":"none","_seopress_titles_title":"Renovation Lift, eficaz contra las arrugas de la edad","_seopress_titles_desc":"Renovation Lift, indicado para la biorevitalizaci\u00f3n, hidrataci\u00f3n e iluminaci\u00f3n de pieles apagadas. Tratamiento de flacidez y arrugas.","_seopress_robots_index":""},"product_brand":[],"product_cat":[833,856,830,840,831,836,843],"product_tag":[],"class_list":{"0":"post-6619","1":"product","2":"type-product","3":"status-publish","4":"has-post-thumbnail","6":"product_cat-antioxidante-estetica-profesional","7":"product_cat-elements","8":"product_cat-estetica-profesional","9":"product_cat-hidratacion","10":"product_cat-lifting-estetica-profesional","11":"product_cat-microneedling","12":"product_cat-ojeras","14":"first","15":"instock","16":"taxable","17":"shipping-taxable","18":"product-type-simple"},"_links":{"self":[{"href":"https:\/\/fervent-dubinsky.82-165-171-139.plesk.page\/index.php?rest_route=\/wp\/v2\/product\/6619","targetHints":{"allow":["GET"]}}],"collection":[{"href":"https:\/\/fervent-dubinsky.82-165-171-139.plesk.page\/index.php?rest_route=\/wp\/v2\/product"}],"about":[{"href":"https:\/\/fervent-dubinsky.82-165-171-139.plesk.page\/index.php?rest_route=\/wp\/v2\/types\/product"}],"replies":[{"embeddable":true,"href":"https:\/\/fervent-dubinsky.82-165-171-139.plesk.page\/index.php?rest_route=%2Fwp%2Fv2%2Fcomments&post=6619"}],"version-history":[{"count":5,"href":"https:\/\/fervent-dubinsky.82-165-171-139.plesk.page\/index.php?rest_route=\/wp\/v2\/product\/6619\/revisions"}],"predecessor-version":[{"id":35758,"href":"https:\/\/fervent-dubinsky.82-165-171-139.plesk.page\/index.php?rest_route=\/wp\/v2\/product\/6619\/revisions\/35758"}],"wp:featuredmedia":[{"embeddable":true,"href":"https:\/\/fervent-dubinsky.82-165-171-139.plesk.page\/index.php?rest_route=\/wp\/v2\/media\/33923"}],"wp:attachment":[{"href":"https:\/\/fervent-dubinsky.82-165-171-139.plesk.page\/index.php?rest_route=%2Fwp%2Fv2%2Fmedia&parent=6619"}],"wp:term":[{"taxonomy":"product_brand","embeddable":true,"href":"https:\/\/fervent-dubinsky.82-165-171-139.plesk.page\/index.php?rest_route=%2Fwp%2Fv2%2Fproduct_brand&post=6619"},{"taxonomy":"product_cat","embeddable":true,"href":"https:\/\/fervent-dubinsky.82-165-171-139.plesk.page\/index.php?rest_route=%2Fwp%2Fv2%2Fproduct_cat&post=6619"},{"taxonomy":"product_tag","embeddable":true,"href":"https:\/\/fervent-dubinsky.82-165-171-139.plesk.page\/index.php?rest_route=%2Fwp%2Fv2%2Fproduct_tag&post=6619"}],"curies":[{"name":"wp","href":"https:\/\/api.w.org\/{rel}","templated":true}]}}