{"id":35973,"date":"2025-01-07T11:59:06","date_gmt":"2025-01-07T11:59:06","guid":{"rendered":"https:\/\/fervent-dubinsky.82-165-171-139.plesk.page\/?post_type=product&#038;p=35973"},"modified":"2025-01-07T11:59:07","modified_gmt":"2025-01-07T11:59:07","slug":"ultra-k-cream","status":"publish","type":"product","link":"https:\/\/fervent-dubinsky.82-165-171-139.plesk.page\/?product=ultra-k-cream&lang=en","title":{"rendered":"Ultra K Cream"},"content":{"rendered":"<p>Ultra K Cream is formulated with Vitamin K and Arnica to speed up skin recovery after aesthetic and cosmetic treatments. It reduces inflammation, redness, and soothes the skin, relieving irritation and providing hydration for quick and effective regeneration. Additionally, its active ingredients, with antioxidant and anti-inflammatory properties, improve blood circulation and provide skin elasticity.<\/p>\n","protected":false},"excerpt":{"rendered":"<p>Regenerating cream with Vitamin K and Arnica to accelerate skin recovery, reduce inflammation, and soothe irritation.<\/p>\n","protected":false},"featured_media":34146,"comment_status":"open","ping_status":"closed","template":"","meta":{"_seopress_robots_primary_cat":"none","_seopress_titles_title":"Ultra K Cream, regenerante para uso post tratamiento est\u00e9tico profesional","_seopress_titles_desc":"Ultra K Cream es un crema usada despu\u00e9s de un procedimiento est\u00e9tico profesional, mejora la recuperaci\u00f3n y regeneraci\u00f3n de los tejidos.","_seopress_robots_index":""},"product_brand":[],"product_cat":[1209,1194,1223,1183,1221],"product_tag":[],"class_list":{"0":"post-35973","1":"product","2":"type-product","3":"status-publish","4":"has-post-thumbnail","6":"product_cat-depigmentation-professional-aesthetics","7":"product_cat-essentials-en","8":"product_cat-post-treatment","9":"product_cat-professional-aesthetics","10":"product_cat-sensitive-skin","12":"first","13":"instock","14":"taxable","15":"shipping-taxable","16":"product-type-simple"},"_links":{"self":[{"href":"https:\/\/fervent-dubinsky.82-165-171-139.plesk.page\/index.php?rest_route=\/wp\/v2\/product\/35973","targetHints":{"allow":["GET"]}}],"collection":[{"href":"https:\/\/fervent-dubinsky.82-165-171-139.plesk.page\/index.php?rest_route=\/wp\/v2\/product"}],"about":[{"href":"https:\/\/fervent-dubinsky.82-165-171-139.plesk.page\/index.php?rest_route=\/wp\/v2\/types\/product"}],"replies":[{"embeddable":true,"href":"https:\/\/fervent-dubinsky.82-165-171-139.plesk.page\/index.php?rest_route=%2Fwp%2Fv2%2Fcomments&post=35973"}],"version-history":[{"count":1,"href":"https:\/\/fervent-dubinsky.82-165-171-139.plesk.page\/index.php?rest_route=\/wp\/v2\/product\/35973\/revisions"}],"predecessor-version":[{"id":35976,"href":"https:\/\/fervent-dubinsky.82-165-171-139.plesk.page\/index.php?rest_route=\/wp\/v2\/product\/35973\/revisions\/35976"}],"wp:featuredmedia":[{"embeddable":true,"href":"https:\/\/fervent-dubinsky.82-165-171-139.plesk.page\/index.php?rest_route=\/wp\/v2\/media\/34146"}],"wp:attachment":[{"href":"https:\/\/fervent-dubinsky.82-165-171-139.plesk.page\/index.php?rest_route=%2Fwp%2Fv2%2Fmedia&parent=35973"}],"wp:term":[{"taxonomy":"product_brand","embeddable":true,"href":"https:\/\/fervent-dubinsky.82-165-171-139.plesk.page\/index.php?rest_route=%2Fwp%2Fv2%2Fproduct_brand&post=35973"},{"taxonomy":"product_cat","embeddable":true,"href":"https:\/\/fervent-dubinsky.82-165-171-139.plesk.page\/index.php?rest_route=%2Fwp%2Fv2%2Fproduct_cat&post=35973"},{"taxonomy":"product_tag","embeddable":true,"href":"https:\/\/fervent-dubinsky.82-165-171-139.plesk.page\/index.php?rest_route=%2Fwp%2Fv2%2Fproduct_tag&post=35973"}],"curies":[{"name":"wp","href":"https:\/\/api.w.org\/{rel}","templated":true}]}}