{"id":35940,"date":"2025-01-07T11:45:52","date_gmt":"2025-01-07T11:45:52","guid":{"rendered":"https:\/\/fervent-dubinsky.82-165-171-139.plesk.page\/?post_type=product&#038;p=35940"},"modified":"2025-01-07T11:45:53","modified_gmt":"2025-01-07T11:45:53","slug":"inbiofat-2","status":"publish","type":"product","link":"https:\/\/fervent-dubinsky.82-165-171-139.plesk.page\/?product=inbiofat-2&lang=en","title":{"rendered":"Inbiofat"},"content":{"rendered":"<p>Inbiofat is a balanced and synergistic blend of effective raw materials for treating cellulite and localized fat deposits. It works by reducing skin thickness and adipose accumulations in treated areas. Additionally, it promotes elastin production, improving elasticity, providing firmness, and significantly reducing adipose tissue.<\/p>\n","protected":false},"excerpt":{"rendered":"<p>A solution with active ingredients that help reduce cellulite and localized fat.<\/p>\n","protected":false},"featured_media":34009,"comment_status":"open","ping_status":"closed","template":"","meta":{"_seopress_robots_primary_cat":"none","_seopress_titles_title":"Inbiofat producto de actividad lipol\u00edtica para el tratamiento anti celul\u00edtico","_seopress_titles_desc":"Inbiofat es una mezcla equilibrada y sin\u00e9rgica que contiene materias primas de probada eficacia en el tratamiento de celulitis.","_seopress_robots_index":""},"product_brand":[],"product_cat":[1207,1196,1217,1183],"product_tag":[],"class_list":{"0":"post-35940","1":"product","2":"type-product","3":"status-publish","4":"has-post-thumbnail","6":"product_cat-body","7":"product_cat-inbiotec-en","8":"product_cat-microneedling-en","9":"product_cat-professional-aesthetics","11":"first","12":"instock","13":"taxable","14":"shipping-taxable","15":"product-type-simple"},"_links":{"self":[{"href":"https:\/\/fervent-dubinsky.82-165-171-139.plesk.page\/index.php?rest_route=\/wp\/v2\/product\/35940","targetHints":{"allow":["GET"]}}],"collection":[{"href":"https:\/\/fervent-dubinsky.82-165-171-139.plesk.page\/index.php?rest_route=\/wp\/v2\/product"}],"about":[{"href":"https:\/\/fervent-dubinsky.82-165-171-139.plesk.page\/index.php?rest_route=\/wp\/v2\/types\/product"}],"replies":[{"embeddable":true,"href":"https:\/\/fervent-dubinsky.82-165-171-139.plesk.page\/index.php?rest_route=%2Fwp%2Fv2%2Fcomments&post=35940"}],"version-history":[{"count":1,"href":"https:\/\/fervent-dubinsky.82-165-171-139.plesk.page\/index.php?rest_route=\/wp\/v2\/product\/35940\/revisions"}],"predecessor-version":[{"id":35943,"href":"https:\/\/fervent-dubinsky.82-165-171-139.plesk.page\/index.php?rest_route=\/wp\/v2\/product\/35940\/revisions\/35943"}],"wp:featuredmedia":[{"embeddable":true,"href":"https:\/\/fervent-dubinsky.82-165-171-139.plesk.page\/index.php?rest_route=\/wp\/v2\/media\/34009"}],"wp:attachment":[{"href":"https:\/\/fervent-dubinsky.82-165-171-139.plesk.page\/index.php?rest_route=%2Fwp%2Fv2%2Fmedia&parent=35940"}],"wp:term":[{"taxonomy":"product_brand","embeddable":true,"href":"https:\/\/fervent-dubinsky.82-165-171-139.plesk.page\/index.php?rest_route=%2Fwp%2Fv2%2Fproduct_brand&post=35940"},{"taxonomy":"product_cat","embeddable":true,"href":"https:\/\/fervent-dubinsky.82-165-171-139.plesk.page\/index.php?rest_route=%2Fwp%2Fv2%2Fproduct_cat&post=35940"},{"taxonomy":"product_tag","embeddable":true,"href":"https:\/\/fervent-dubinsky.82-165-171-139.plesk.page\/index.php?rest_route=%2Fwp%2Fv2%2Fproduct_tag&post=35940"}],"curies":[{"name":"wp","href":"https:\/\/api.w.org\/{rel}","templated":true}]}}