{"id":35910,"date":"2025-01-07T11:34:04","date_gmt":"2025-01-07T11:34:04","guid":{"rendered":"https:\/\/fervent-dubinsky.82-165-171-139.plesk.page\/?post_type=product&#038;p=35910"},"modified":"2025-01-07T11:34:05","modified_gmt":"2025-01-07T11:34:05","slug":"renovation-lift-2","status":"publish","type":"product","link":"https:\/\/fervent-dubinsky.82-165-171-139.plesk.page\/?product=renovation-lift-2&lang=en","title":{"rendered":"Renovation Lift"},"content":{"rendered":"<p>An intensive solution designed to restore skin tone, radiance, and elasticity. The multivitamin formula and amino acids, along with hyaluronic acid and DMAE, provide an effective treatment for combating signs of aging, hydrating, and revitalizing the skin.<\/p>\n","protected":false},"excerpt":{"rendered":"<p>Solution with active ingredients that help restore skin tone, radiance, and elasticity.<\/p>\n","protected":false},"featured_media":33923,"comment_status":"open","ping_status":"closed","template":"","meta":{"_seopress_robots_primary_cat":"none","_seopress_titles_title":"Renovation Lift, eficaz contra las arrugas de la edad","_seopress_titles_desc":"Renovation Lift, indicado para la biorevitalizaci\u00f3n, hidrataci\u00f3n e iluminaci\u00f3n de pieles apagadas. Tratamiento de flacidez y arrugas.","_seopress_robots_index":""},"product_brand":[],"product_cat":[1201,1219,1192,1213,1215,1217,1183],"product_tag":[],"class_list":{"0":"post-35910","1":"product","2":"type-product","3":"status-publish","4":"has-post-thumbnail","6":"product_cat-antioxidant-professional-aesthetics","7":"product_cat-dark-circles","8":"product_cat-elements-en","9":"product_cat-hydration","10":"product_cat-lifting-professional-aesthetics","11":"product_cat-microneedling-en","12":"product_cat-professional-aesthetics","14":"first","15":"instock","16":"taxable","17":"shipping-taxable","18":"product-type-simple"},"_links":{"self":[{"href":"https:\/\/fervent-dubinsky.82-165-171-139.plesk.page\/index.php?rest_route=\/wp\/v2\/product\/35910","targetHints":{"allow":["GET"]}}],"collection":[{"href":"https:\/\/fervent-dubinsky.82-165-171-139.plesk.page\/index.php?rest_route=\/wp\/v2\/product"}],"about":[{"href":"https:\/\/fervent-dubinsky.82-165-171-139.plesk.page\/index.php?rest_route=\/wp\/v2\/types\/product"}],"replies":[{"embeddable":true,"href":"https:\/\/fervent-dubinsky.82-165-171-139.plesk.page\/index.php?rest_route=%2Fwp%2Fv2%2Fcomments&post=35910"}],"version-history":[{"count":1,"href":"https:\/\/fervent-dubinsky.82-165-171-139.plesk.page\/index.php?rest_route=\/wp\/v2\/product\/35910\/revisions"}],"predecessor-version":[{"id":35913,"href":"https:\/\/fervent-dubinsky.82-165-171-139.plesk.page\/index.php?rest_route=\/wp\/v2\/product\/35910\/revisions\/35913"}],"wp:featuredmedia":[{"embeddable":true,"href":"https:\/\/fervent-dubinsky.82-165-171-139.plesk.page\/index.php?rest_route=\/wp\/v2\/media\/33923"}],"wp:attachment":[{"href":"https:\/\/fervent-dubinsky.82-165-171-139.plesk.page\/index.php?rest_route=%2Fwp%2Fv2%2Fmedia&parent=35910"}],"wp:term":[{"taxonomy":"product_brand","embeddable":true,"href":"https:\/\/fervent-dubinsky.82-165-171-139.plesk.page\/index.php?rest_route=%2Fwp%2Fv2%2Fproduct_brand&post=35910"},{"taxonomy":"product_cat","embeddable":true,"href":"https:\/\/fervent-dubinsky.82-165-171-139.plesk.page\/index.php?rest_route=%2Fwp%2Fv2%2Fproduct_cat&post=35910"},{"taxonomy":"product_tag","embeddable":true,"href":"https:\/\/fervent-dubinsky.82-165-171-139.plesk.page\/index.php?rest_route=%2Fwp%2Fv2%2Fproduct_tag&post=35910"}],"curies":[{"name":"wp","href":"https:\/\/api.w.org\/{rel}","templated":true}]}}