{"id":35889,"date":"2025-01-07T10:15:13","date_gmt":"2025-01-07T10:15:13","guid":{"rendered":"https:\/\/fervent-dubinsky.82-165-171-139.plesk.page\/?post_type=product&#038;p=35889"},"modified":"2025-01-07T12:53:17","modified_gmt":"2025-01-07T12:53:17","slug":"phosphatidylcholine-2","status":"publish","type":"product","link":"https:\/\/fervent-dubinsky.82-165-171-139.plesk.page\/?product=phosphatidylcholine-2&lang=en","title":{"rendered":"Phosphatidylcholine"},"content":{"rendered":"<p>Phosphatidylcholine, the main ingredient in this product, penetrates the adipocyte through the lipid bilayer, acting as an emulsifier and altering the physical-chemical characteristics of stored lipids. This makes them water-soluble, facilitating elimination. The formula combines phosphatidylcholine with the powerful sodium deoxycholate to treat localized fat, being effective even in challenging cases.<\/p>\n","protected":false},"excerpt":{"rendered":"<p>Phospholipids are essential for living organisms, playing a crucial role in health and nutrition.<\/p>\n","protected":false},"featured_media":33907,"comment_status":"open","ping_status":"closed","template":"","meta":{"_seopress_robots_primary_cat":"none","_seopress_titles_title":"Phosphatidylcholine, soluci\u00f3n cosm\u00e9tica anticelul\u00edtica","_seopress_titles_desc":"Phosphatidylcholine, penetra el adipocito a trav\u00e9s de la doble capa de l\u00edpidos actuando como emulsionante y agente tensoactivo.","_seopress_robots_index":""},"product_brand":[],"product_cat":[1207,1192,1217,1183],"product_tag":[],"class_list":{"0":"post-35889","1":"product","2":"type-product","3":"status-publish","4":"has-post-thumbnail","6":"product_cat-body","7":"product_cat-elements-en","8":"product_cat-microneedling-en","9":"product_cat-professional-aesthetics","11":"first","12":"instock","13":"taxable","14":"shipping-taxable","15":"product-type-simple"},"_links":{"self":[{"href":"https:\/\/fervent-dubinsky.82-165-171-139.plesk.page\/index.php?rest_route=\/wp\/v2\/product\/35889","targetHints":{"allow":["GET"]}}],"collection":[{"href":"https:\/\/fervent-dubinsky.82-165-171-139.plesk.page\/index.php?rest_route=\/wp\/v2\/product"}],"about":[{"href":"https:\/\/fervent-dubinsky.82-165-171-139.plesk.page\/index.php?rest_route=\/wp\/v2\/types\/product"}],"replies":[{"embeddable":true,"href":"https:\/\/fervent-dubinsky.82-165-171-139.plesk.page\/index.php?rest_route=%2Fwp%2Fv2%2Fcomments&post=35889"}],"version-history":[{"count":1,"href":"https:\/\/fervent-dubinsky.82-165-171-139.plesk.page\/index.php?rest_route=\/wp\/v2\/product\/35889\/revisions"}],"predecessor-version":[{"id":35892,"href":"https:\/\/fervent-dubinsky.82-165-171-139.plesk.page\/index.php?rest_route=\/wp\/v2\/product\/35889\/revisions\/35892"}],"wp:featuredmedia":[{"embeddable":true,"href":"https:\/\/fervent-dubinsky.82-165-171-139.plesk.page\/index.php?rest_route=\/wp\/v2\/media\/33907"}],"wp:attachment":[{"href":"https:\/\/fervent-dubinsky.82-165-171-139.plesk.page\/index.php?rest_route=%2Fwp%2Fv2%2Fmedia&parent=35889"}],"wp:term":[{"taxonomy":"product_brand","embeddable":true,"href":"https:\/\/fervent-dubinsky.82-165-171-139.plesk.page\/index.php?rest_route=%2Fwp%2Fv2%2Fproduct_brand&post=35889"},{"taxonomy":"product_cat","embeddable":true,"href":"https:\/\/fervent-dubinsky.82-165-171-139.plesk.page\/index.php?rest_route=%2Fwp%2Fv2%2Fproduct_cat&post=35889"},{"taxonomy":"product_tag","embeddable":true,"href":"https:\/\/fervent-dubinsky.82-165-171-139.plesk.page\/index.php?rest_route=%2Fwp%2Fv2%2Fproduct_tag&post=35889"}],"curies":[{"name":"wp","href":"https:\/\/api.w.org\/{rel}","templated":true}]}}