{"id":34286,"date":"2024-12-30T16:04:52","date_gmt":"2024-12-30T16:04:52","guid":{"rendered":"https:\/\/fervent-dubinsky.82-165-171-139.plesk.page\/?post_type=product&#038;p=34286"},"modified":"2026-01-12T21:46:53","modified_gmt":"2026-01-12T21:46:53","slug":"ultracol-200","status":"publish","type":"product","link":"https:\/\/fervent-dubinsky.82-165-171-139.plesk.page\/?product=ultracol-200","title":{"rendered":"Ultracol 200"},"content":{"rendered":"<p>El PDO es un material mundialmente conocido y utilizado como sutura quir\u00fargica. Seguro y biodegradable se degrada por completo por hidr\u00f3lisis. Un solo vial de ULTRACOL equivale a m\u00e1s de 1.000 hilos monoflamento<\/p>\n","protected":false},"excerpt":{"rendered":"<p>Filler de microesferas de PDO para la estimulaci\u00f3n de col\u00e1geno, sin aristas y de tama\u00f1o uniforme, que garantiza una respuesta positiva de neocolagenizaci\u00f3n evitando efectos secundarios.<\/p>\n","protected":false},"featured_media":34303,"comment_status":"closed","ping_status":"closed","template":"","meta":{"_seopress_robots_primary_cat":"none","_seopress_titles_title":"Ultracol 200 ITPharma: \u00a1Revitaliza Tu Piel Profunda y Naturalmente!","_seopress_titles_desc":"Ultracol 200 revitaliza tu rostro, cuello, brazos y abdomen en una sola sesi\u00f3n. Resultados naturales y duraderos que te har\u00e1n sentir incre\u00edble. \u00a1Hazlo por ti, adqui\u00e9relo ahora!\u2705","_seopress_robots_index":""},"product_brand":[],"product_cat":[849,854,846,853,869,870],"product_tag":[],"class_list":{"0":"post-34286","1":"product","2":"type-product","3":"status-publish","4":"has-post-thumbnail","6":"product_cat-inductores-de-colageno","7":"product_cat-lifting-medicina-estetica","8":"product_cat-medicina-estetica","9":"product_cat-periocular","10":"product_cat-tratamientos-de-medicina-estetica","11":"product_cat-ultracol","13":"first","14":"instock","15":"taxable","16":"shipping-taxable","17":"product-type-simple"},"_links":{"self":[{"href":"https:\/\/fervent-dubinsky.82-165-171-139.plesk.page\/index.php?rest_route=\/wp\/v2\/product\/34286","targetHints":{"allow":["GET"]}}],"collection":[{"href":"https:\/\/fervent-dubinsky.82-165-171-139.plesk.page\/index.php?rest_route=\/wp\/v2\/product"}],"about":[{"href":"https:\/\/fervent-dubinsky.82-165-171-139.plesk.page\/index.php?rest_route=\/wp\/v2\/types\/product"}],"replies":[{"embeddable":true,"href":"https:\/\/fervent-dubinsky.82-165-171-139.plesk.page\/index.php?rest_route=%2Fwp%2Fv2%2Fcomments&post=34286"}],"version-history":[{"count":4,"href":"https:\/\/fervent-dubinsky.82-165-171-139.plesk.page\/index.php?rest_route=\/wp\/v2\/product\/34286\/revisions"}],"predecessor-version":[{"id":35723,"href":"https:\/\/fervent-dubinsky.82-165-171-139.plesk.page\/index.php?rest_route=\/wp\/v2\/product\/34286\/revisions\/35723"}],"wp:featuredmedia":[{"embeddable":true,"href":"https:\/\/fervent-dubinsky.82-165-171-139.plesk.page\/index.php?rest_route=\/wp\/v2\/media\/34303"}],"wp:attachment":[{"href":"https:\/\/fervent-dubinsky.82-165-171-139.plesk.page\/index.php?rest_route=%2Fwp%2Fv2%2Fmedia&parent=34286"}],"wp:term":[{"taxonomy":"product_brand","embeddable":true,"href":"https:\/\/fervent-dubinsky.82-165-171-139.plesk.page\/index.php?rest_route=%2Fwp%2Fv2%2Fproduct_brand&post=34286"},{"taxonomy":"product_cat","embeddable":true,"href":"https:\/\/fervent-dubinsky.82-165-171-139.plesk.page\/index.php?rest_route=%2Fwp%2Fv2%2Fproduct_cat&post=34286"},{"taxonomy":"product_tag","embeddable":true,"href":"https:\/\/fervent-dubinsky.82-165-171-139.plesk.page\/index.php?rest_route=%2Fwp%2Fv2%2Fproduct_tag&post=34286"}],"curies":[{"name":"wp","href":"https:\/\/api.w.org\/{rel}","templated":true}]}}