{"id":30941,"date":"2024-02-28T15:05:03","date_gmt":"2024-02-28T15:05:03","guid":{"rendered":"https:\/\/fervent-dubinsky.82-165-171-139.plesk.page\/?post_type=product&#038;p=30941"},"modified":"2025-06-28T04:03:12","modified_gmt":"2025-06-28T04:03:12","slug":"harmonie-2-0","status":"publish","type":"product","link":"https:\/\/fervent-dubinsky.82-165-171-139.plesk.page\/?product=harmonie-2-0","title":{"rendered":"Harmonie 2,0%"},"content":{"rendered":"<p>Harmonie 2% es un relleno intrad\u00e9rmico formulado con \u00e1cido hialur\u00f3nico (AH) reticulado que restaura y redefine los vol\u00famenes faciales, aportando firmeza y mejorando la estructura del rostro. Es ideal para contornear p\u00f3mulos, mejillas, barbilla y mand\u00edbula, con resultados duraderos que mantienen un aspecto natural y rejuvenecido.<\/p>\n<p><a href=\"https:\/\/fervent-dubinsky.82-165-171-139.plesk.page\/medicina-estetica\/lineas-de-producto-medicina-estetica\/harmonie\/\">Ver l\u00ednea Harmonie<\/a><\/p>\n","protected":false},"excerpt":{"rendered":"<p>Relleno intrad\u00e9rmico de \u00e1cido hialur\u00f3nico reticulado dise\u00f1ado para restaurar los vol\u00famenes faciales y definir el contorno del rostro.<\/p>\n","protected":false},"featured_media":35319,"comment_status":"open","ping_status":"closed","template":"","meta":{"_seopress_robots_primary_cat":"none","_seopress_titles_title":"Harmonie 2,0%. Relleno intrad\u00e9rmico de AH reticulado.","_seopress_titles_desc":"Relleno intrad\u00e9rmico de AH reticulado, para restaurar los vol\u00famenes faciales y obtener resultados duraderos.","_seopress_robots_index":""},"product_brand":[],"product_cat":[868,846,848],"product_tag":[],"class_list":{"0":"post-30941","1":"product","2":"type-product","3":"status-publish","4":"has-post-thumbnail","6":"product_cat-harmonie","7":"product_cat-medicina-estetica","8":"product_cat-rellenos-de-acido-hialuronico","10":"first","11":"instock","12":"taxable","13":"shipping-taxable","14":"product-type-simple"},"_links":{"self":[{"href":"https:\/\/fervent-dubinsky.82-165-171-139.plesk.page\/index.php?rest_route=\/wp\/v2\/product\/30941","targetHints":{"allow":["GET"]}}],"collection":[{"href":"https:\/\/fervent-dubinsky.82-165-171-139.plesk.page\/index.php?rest_route=\/wp\/v2\/product"}],"about":[{"href":"https:\/\/fervent-dubinsky.82-165-171-139.plesk.page\/index.php?rest_route=\/wp\/v2\/types\/product"}],"replies":[{"embeddable":true,"href":"https:\/\/fervent-dubinsky.82-165-171-139.plesk.page\/index.php?rest_route=%2Fwp%2Fv2%2Fcomments&post=30941"}],"version-history":[{"count":16,"href":"https:\/\/fervent-dubinsky.82-165-171-139.plesk.page\/index.php?rest_route=\/wp\/v2\/product\/30941\/revisions"}],"predecessor-version":[{"id":73559,"href":"https:\/\/fervent-dubinsky.82-165-171-139.plesk.page\/index.php?rest_route=\/wp\/v2\/product\/30941\/revisions\/73559"}],"wp:featuredmedia":[{"embeddable":true,"href":"https:\/\/fervent-dubinsky.82-165-171-139.plesk.page\/index.php?rest_route=\/wp\/v2\/media\/35319"}],"wp:attachment":[{"href":"https:\/\/fervent-dubinsky.82-165-171-139.plesk.page\/index.php?rest_route=%2Fwp%2Fv2%2Fmedia&parent=30941"}],"wp:term":[{"taxonomy":"product_brand","embeddable":true,"href":"https:\/\/fervent-dubinsky.82-165-171-139.plesk.page\/index.php?rest_route=%2Fwp%2Fv2%2Fproduct_brand&post=30941"},{"taxonomy":"product_cat","embeddable":true,"href":"https:\/\/fervent-dubinsky.82-165-171-139.plesk.page\/index.php?rest_route=%2Fwp%2Fv2%2Fproduct_cat&post=30941"},{"taxonomy":"product_tag","embeddable":true,"href":"https:\/\/fervent-dubinsky.82-165-171-139.plesk.page\/index.php?rest_route=%2Fwp%2Fv2%2Fproduct_tag&post=30941"}],"curies":[{"name":"wp","href":"https:\/\/api.w.org\/{rel}","templated":true}]}}