{"id":30920,"date":"2024-02-28T14:53:37","date_gmt":"2024-02-28T14:53:37","guid":{"rendered":"https:\/\/fervent-dubinsky.82-165-171-139.plesk.page\/?post_type=product&#038;p=30920"},"modified":"2025-06-28T04:03:07","modified_gmt":"2025-06-28T04:03:07","slug":"harmonie-1-75","status":"publish","type":"product","link":"https:\/\/fervent-dubinsky.82-165-171-139.plesk.page\/?product=harmonie-1-75","title":{"rendered":"Harmonie 1,75%"},"content":{"rendered":"<p>Harmonie 1,75% es un relleno intrad\u00e9rmico formulado con \u00e1cido hialur\u00f3nico (AH) reticulado, indicado para restaurar el volumen facial perdido y corregir arrugas medias y profundas. Es especialmente efectivo en la zona media del rostro, surcos nasogenianos y l\u00edneas de marioneta, aportando un efecto rejuvenecedor natural.<\/p>\n<p><a href=\"https:\/\/fervent-dubinsky.82-165-171-139.plesk.page\/medicina-estetica\/lineas-de-producto-medicina-estetica\/harmonie\/\">Ver l\u00ednea Harmonie<\/a><\/p>\n","protected":false},"excerpt":{"rendered":"<p>Relleno intrad\u00e9rmico de \u00e1cido hialur\u00f3nico reticulado, ideal para restaurar el volumen facial y rellenar arrugas y pliegues.<\/p>\n","protected":false},"featured_media":35323,"comment_status":"open","ping_status":"closed","template":"","meta":{"_seopress_robots_primary_cat":"none","_seopress_titles_title":"Harmonie 1,75%. Relleno intrad\u00e9rmico de AH reticulado.","_seopress_titles_desc":"Relleno intrad\u00e9rmico de AH reticulado, indicado para restaurar y corregir el volumen facial y rellenar arrugas y pliegues.","_seopress_robots_index":""},"product_brand":[],"product_cat":[868,846,848],"product_tag":[],"class_list":{"0":"post-30920","1":"product","2":"type-product","3":"status-publish","4":"has-post-thumbnail","6":"product_cat-harmonie","7":"product_cat-medicina-estetica","8":"product_cat-rellenos-de-acido-hialuronico","10":"first","11":"instock","12":"taxable","13":"shipping-taxable","14":"product-type-simple"},"_links":{"self":[{"href":"https:\/\/fervent-dubinsky.82-165-171-139.plesk.page\/index.php?rest_route=\/wp\/v2\/product\/30920","targetHints":{"allow":["GET"]}}],"collection":[{"href":"https:\/\/fervent-dubinsky.82-165-171-139.plesk.page\/index.php?rest_route=\/wp\/v2\/product"}],"about":[{"href":"https:\/\/fervent-dubinsky.82-165-171-139.plesk.page\/index.php?rest_route=\/wp\/v2\/types\/product"}],"replies":[{"embeddable":true,"href":"https:\/\/fervent-dubinsky.82-165-171-139.plesk.page\/index.php?rest_route=%2Fwp%2Fv2%2Fcomments&post=30920"}],"version-history":[{"count":11,"href":"https:\/\/fervent-dubinsky.82-165-171-139.plesk.page\/index.php?rest_route=\/wp\/v2\/product\/30920\/revisions"}],"predecessor-version":[{"id":73558,"href":"https:\/\/fervent-dubinsky.82-165-171-139.plesk.page\/index.php?rest_route=\/wp\/v2\/product\/30920\/revisions\/73558"}],"wp:featuredmedia":[{"embeddable":true,"href":"https:\/\/fervent-dubinsky.82-165-171-139.plesk.page\/index.php?rest_route=\/wp\/v2\/media\/35323"}],"wp:attachment":[{"href":"https:\/\/fervent-dubinsky.82-165-171-139.plesk.page\/index.php?rest_route=%2Fwp%2Fv2%2Fmedia&parent=30920"}],"wp:term":[{"taxonomy":"product_brand","embeddable":true,"href":"https:\/\/fervent-dubinsky.82-165-171-139.plesk.page\/index.php?rest_route=%2Fwp%2Fv2%2Fproduct_brand&post=30920"},{"taxonomy":"product_cat","embeddable":true,"href":"https:\/\/fervent-dubinsky.82-165-171-139.plesk.page\/index.php?rest_route=%2Fwp%2Fv2%2Fproduct_cat&post=30920"},{"taxonomy":"product_tag","embeddable":true,"href":"https:\/\/fervent-dubinsky.82-165-171-139.plesk.page\/index.php?rest_route=%2Fwp%2Fv2%2Fproduct_tag&post=30920"}],"curies":[{"name":"wp","href":"https:\/\/api.w.org\/{rel}","templated":true}]}}